{"id":129,"date":"2020-03-01T12:42:27","date_gmt":"2020-03-01T12:42:27","guid":{"rendered":"http:\/\/spiekblog.de\/?page_id=129"},"modified":"2022-05-01T05:51:02","modified_gmt":"2022-05-01T05:51:02","slug":"garage","status":"publish","type":"page","link":"https:\/\/spiekblog.de\/?page_id=129","title":{"rendered":"Garage"},"content":{"rendered":"\n<p style=\"font-size:15px\">Die Garage &#8211; ein nicht zu untersch\u00e4tzender Bestandteil eines Hauses. Sie beherbergt nicht nur die Familienkutschen und Fahrr\u00e4der, sondern kann auch viele weitere Funktionen erf\u00fcllen. Beispielsweise als Lager, als Vorratsraum, zur Gartenger\u00e4teaufbewahrung und sicher noch ein paar anderen Sachen. Wenn man keinen Keller hat, ist so eine Garage unheimlich n\u00fctzlich. Die Gefahr besteht nur darin, dass man ein leichtes Messisyndrom entwickelt und sie mit allem m\u00f6glichen Pr\u00f6ll vollstellt, sodass am Ende die Autos nicht mehr hineinpassen =) Die Gefahr ist bei uns recht klein, denn wir haben einen relativ gro\u00dfen Dachboden, der stattdessen als Lagerraum herhalten kann. Auch die Vorratsfunktion wird im Haus von einer anderen Stelle \u00fcbernommen, sodass die Wahrscheinlichkeit hoch ist, dass unsere Garage tats\u00e4chlich ihrem Sinn und Zweck nach genutzt werden  kann. <\/p>\n\n\n\n<p style=\"font-size:15px\">Da Park- und Stellpl\u00e4tze im Neubaugebiet laut Bebauungsplan Mangelware sein werden, sind f\u00fcr jedes Haus zwei unabh\u00e4ngig befahrbare Stellpl\u00e4tze Pflichtbestandteil. Wir haben uns unter Anderem auch deshalb f\u00fcr eine Doppelgarage in Massivbauweise entschieden. Bilder folgen sobald sie denn dann mal steht. <\/p>\n\n\n\n<div class=\"wp-block-image\"><figure class=\"aligncenter size-large\"><img loading=\"lazy\" decoding=\"async\" width=\"1024\" height=\"768\" src=\"https:\/\/spiekblog.de\/wp-content\/uploads\/2021\/04\/IMG-20210401-WA0002-1024x768.jpg\" alt=\"\" class=\"wp-image-490\" srcset=\"https:\/\/spiekblog.de\/wp-content\/uploads\/2021\/04\/IMG-20210401-WA0002-1024x768.jpg 1024w, https:\/\/spiekblog.de\/wp-content\/uploads\/2021\/04\/IMG-20210401-WA0002-300x225.jpg 300w, https:\/\/spiekblog.de\/wp-content\/uploads\/2021\/04\/IMG-20210401-WA0002-768x576.jpg 768w, https:\/\/spiekblog.de\/wp-content\/uploads\/2021\/04\/IMG-20210401-WA0002-1536x1152.jpg 1536w, https:\/\/spiekblog.de\/wp-content\/uploads\/2021\/04\/IMG-20210401-WA0002.jpg 1600w\" sizes=\"auto, (max-width: 1024px) 100vw, 1024px\" \/><figcaption>Vorbereitungen f\u00fcr die Garage<\/figcaption><\/figure><\/div>\n\n\n\n<div class=\"wp-block-image\"><figure class=\"aligncenter size-large\"><img loading=\"lazy\" decoding=\"async\" width=\"1024\" height=\"768\" src=\"https:\/\/spiekblog.de\/wp-content\/uploads\/2021\/04\/PXL_20210415_142809574-1024x768.jpg\" alt=\"\" class=\"wp-image-553\" srcset=\"https:\/\/spiekblog.de\/wp-content\/uploads\/2021\/04\/PXL_20210415_142809574-1024x768.jpg 1024w, https:\/\/spiekblog.de\/wp-content\/uploads\/2021\/04\/PXL_20210415_142809574-300x225.jpg 300w, https:\/\/spiekblog.de\/wp-content\/uploads\/2021\/04\/PXL_20210415_142809574-768x576.jpg 768w, https:\/\/spiekblog.de\/wp-content\/uploads\/2021\/04\/PXL_20210415_142809574-1536x1152.jpg 1536w, https:\/\/spiekblog.de\/wp-content\/uploads\/2021\/04\/PXL_20210415_142809574-2048x1536.jpg 2048w\" sizes=\"auto, (max-width: 1024px) 100vw, 1024px\" \/><figcaption>Garagenw\u00e4nde stehen, die Decke wird bald gegossen<\/figcaption><\/figure><\/div>\n\n\n\n<div class=\"wp-block-image\"><figure class=\"aligncenter size-large\"><img loading=\"lazy\" decoding=\"async\" width=\"1024\" height=\"576\" src=\"https:\/\/spiekblog.de\/wp-content\/uploads\/2021\/04\/IMG-20210424-WA0007-1024x576.jpg\" alt=\"\" class=\"wp-image-644\" srcset=\"https:\/\/spiekblog.de\/wp-content\/uploads\/2021\/04\/IMG-20210424-WA0007-1024x576.jpg 1024w, https:\/\/spiekblog.de\/wp-content\/uploads\/2021\/04\/IMG-20210424-WA0007-300x169.jpg 300w, https:\/\/spiekblog.de\/wp-content\/uploads\/2021\/04\/IMG-20210424-WA0007-768x432.jpg 768w, https:\/\/spiekblog.de\/wp-content\/uploads\/2021\/04\/IMG-20210424-WA0007-1536x864.jpg 1536w, https:\/\/spiekblog.de\/wp-content\/uploads\/2021\/04\/IMG-20210424-WA0007.jpg 1600w\" sizes=\"auto, (max-width: 1024px) 100vw, 1024px\" \/><figcaption>die Garagendecke ist fertig<\/figcaption><\/figure><\/div>\n\n\n\n<p style=\"font-size:15px\">Wir haben einen GaLa Bauer beauftragt, um die vorl\u00e4ufige Garagenzufahrt und die Zuwegung zum Haus umzusetzen. Da die Stra\u00dfe erst in zwei Jahren endg\u00fcltig fertig sein und das finale Stra\u00dfenniveau erreicht haben wird, k\u00f6nnen wir den vorderen Bereich vorerst nur provisorisch anlegen lassen. Das Wichtigste ist dabei vor allem die Garagenzufahrt, die auch in der \u00dcbergangsphase nutzbar sein muss. N\u00e4here Infos gibt es, wenn es so weit ist.<\/p>\n\n\n\n<p><\/p>\n\n\n\n<p style=\"font-size:15px\">Die Garage mittlerweile ohne St\u00fctzen. Daf\u00fcr schon mit Bitumenklebebahnen versehen, damit kein Wasser mehr durch die Decke kommt.<\/p>\n\n\n\n<div class=\"wp-block-image\"><figure class=\"aligncenter size-large\"><img loading=\"lazy\" decoding=\"async\" width=\"1024\" height=\"768\" src=\"https:\/\/spiekblog.de\/wp-content\/uploads\/2021\/08\/PXL_20210820_065714661-1024x768.jpg\" alt=\"\" class=\"wp-image-1142\" srcset=\"https:\/\/spiekblog.de\/wp-content\/uploads\/2021\/08\/PXL_20210820_065714661-1024x768.jpg 1024w, https:\/\/spiekblog.de\/wp-content\/uploads\/2021\/08\/PXL_20210820_065714661-300x225.jpg 300w, https:\/\/spiekblog.de\/wp-content\/uploads\/2021\/08\/PXL_20210820_065714661-768x576.jpg 768w, https:\/\/spiekblog.de\/wp-content\/uploads\/2021\/08\/PXL_20210820_065714661-1536x1152.jpg 1536w, https:\/\/spiekblog.de\/wp-content\/uploads\/2021\/08\/PXL_20210820_065714661-2048x1536.jpg 2048w\" sizes=\"auto, (max-width: 1024px) 100vw, 1024px\" \/><\/figure><\/div>\n\n\n\n<p style=\"font-size:15px\">Viele Wochen sind vergangen. Das Haus hat mittlerweile Fenster und T\u00fcren, der Innenausbau l\u00e4uft. Haus und Garage haben mittlerweile auch den Unterputz bekommen. Bis der endg\u00fcltige Putz drauf sein wird, werden wohl aufgrund der Witterung noch etliche Wochen ins Land gehen. Daf\u00fcr ist die Garage mittlerweile fast komplett gefliest. Die Sockelleiste fehlt noch und eine Reihe Fliesen ganz vorn, welche erst gesetzt werden k\u00f6nnen, wenn das Garagentor eingebaut wurde.<\/p>\n\n\n\n<p><\/p>\n\n\n\n<div class=\"wp-block-image\"><figure class=\"aligncenter size-large\"><img loading=\"lazy\" decoding=\"async\" width=\"1024\" height=\"768\" src=\"https:\/\/spiekblog.de\/wp-content\/uploads\/2021\/12\/PXL_20211217_153159658.MP_-1024x768.jpg\" alt=\"\" class=\"wp-image-1556\" srcset=\"https:\/\/spiekblog.de\/wp-content\/uploads\/2021\/12\/PXL_20211217_153159658.MP_-1024x768.jpg 1024w, https:\/\/spiekblog.de\/wp-content\/uploads\/2021\/12\/PXL_20211217_153159658.MP_-300x225.jpg 300w, https:\/\/spiekblog.de\/wp-content\/uploads\/2021\/12\/PXL_20211217_153159658.MP_-768x576.jpg 768w, https:\/\/spiekblog.de\/wp-content\/uploads\/2021\/12\/PXL_20211217_153159658.MP_-1536x1152.jpg 1536w, https:\/\/spiekblog.de\/wp-content\/uploads\/2021\/12\/PXL_20211217_153159658.MP_-2048x1536.jpg 2048w\" sizes=\"auto, (max-width: 1024px) 100vw, 1024px\" \/><\/figure><\/div>\n\n\n\n<p><\/p>\n\n\n\n<p style=\"font-size:15px\">Es ist KW 17, die erste Woche nach unserem Einzug und das Garagentor wurde endlich eingebaut. Anderthalb Tage hat es gedauert bis das Tor endlich richtig verbaut und die Fernbedienungen angelernt waren. Bei der Gr\u00f6\u00dfe des Tores nat\u00fcrlich auch nicht ganz einfach. Jetzt m\u00fcssen noch die restlichen Fliesenlegearbeiten abgeschlossen werden und dann k\u00f6nnen wir die restlichen Umzugskartons aus unserer alten Garage holen und hier einr\u00e4umen. Dann ist das Thema Garage also auch endlich abgehakt. Sieht gut aus unser Tor, oder? \ud83d\ude42<\/p>\n\n\n\n<p><\/p>\n\n\n\n<figure class=\"wp-block-image size-large\"><img loading=\"lazy\" decoding=\"async\" width=\"1024\" height=\"768\" src=\"https:\/\/spiekblog.de\/wp-content\/uploads\/2022\/05\/PXL_20220429_110740571-1024x768.jpg\" alt=\"\" class=\"wp-image-2209\" srcset=\"https:\/\/spiekblog.de\/wp-content\/uploads\/2022\/05\/PXL_20220429_110740571-1024x768.jpg 1024w, https:\/\/spiekblog.de\/wp-content\/uploads\/2022\/05\/PXL_20220429_110740571-300x225.jpg 300w, https:\/\/spiekblog.de\/wp-content\/uploads\/2022\/05\/PXL_20220429_110740571-768x576.jpg 768w, https:\/\/spiekblog.de\/wp-content\/uploads\/2022\/05\/PXL_20220429_110740571-1536x1152.jpg 1536w, https:\/\/spiekblog.de\/wp-content\/uploads\/2022\/05\/PXL_20220429_110740571-2048x1536.jpg 2048w\" sizes=\"auto, (max-width: 1024px) 100vw, 1024px\" \/><\/figure>\n","protected":false},"excerpt":{"rendered":"<p>Die Garage &#8211; ein nicht zu untersch\u00e4tzender Bestandteil eines Hauses. Sie beherbergt nicht nur die Familienkutschen und Fahrr\u00e4der, sondern kann auch viele weitere Funktionen erf\u00fcllen. Beispielsweise als Lager, als Vorratsraum, zur Gartenger\u00e4teaufbewahrung und sicher noch ein paar anderen Sachen. Wenn man keinen Keller hat, ist so eine Garage unheimlich n\u00fctzlich. Die Gefahr besteht nur darin, <a class=\"read-more\" href=\"https:\/\/spiekblog.de\/?page_id=129\">READ MORE<\/a><\/p>\n","protected":false},"author":1,"featured_media":0,"parent":237,"menu_order":2,"comment_status":"closed","ping_status":"closed","template":"","meta":{"footnotes":""},"class_list":["post-129","page","type-page","status-publish","hentry"],"_links":{"self":[{"href":"https:\/\/spiekblog.de\/index.php?rest_route=\/wp\/v2\/pages\/129","targetHints":{"allow":["GET"]}}],"collection":[{"href":"https:\/\/spiekblog.de\/index.php?rest_route=\/wp\/v2\/pages"}],"about":[{"href":"https:\/\/spiekblog.de\/index.php?rest_route=\/wp\/v2\/types\/page"}],"author":[{"embeddable":true,"href":"https:\/\/spiekblog.de\/index.php?rest_route=\/wp\/v2\/users\/1"}],"replies":[{"embeddable":true,"href":"https:\/\/spiekblog.de\/index.php?rest_route=%2Fwp%2Fv2%2Fcomments&post=129"}],"version-history":[{"count":13,"href":"https:\/\/spiekblog.de\/index.php?rest_route=\/wp\/v2\/pages\/129\/revisions"}],"predecessor-version":[{"id":2210,"href":"https:\/\/spiekblog.de\/index.php?rest_route=\/wp\/v2\/pages\/129\/revisions\/2210"}],"up":[{"embeddable":true,"href":"https:\/\/spiekblog.de\/index.php?rest_route=\/wp\/v2\/pages\/237"}],"wp:attachment":[{"href":"https:\/\/spiekblog.de\/index.php?rest_route=%2Fwp%2Fv2%2Fmedia&parent=129"}],"curies":[{"name":"wp","href":"https:\/\/api.w.org\/{rel}","templated":true}]}}